2 + 11001110?
10010221
In base 10, what is 13 + -3397604?
-3397591
In base 9, what is -214307 + 13387?
-200810
In base 4, what is 131123003 - -3212?
131132221
In base 6, what is -152455221 - -1?
-152455220
In base 5, what is 1320313314220 + 0?
1320313314220
In base 2, what is -1000 - -1100100101011001110011110?
1100100101011001110010110
In base 5, what is 0 + 140204313022?
140204313022
In base 5, what is 11222 + 33240?
100012
In base 13, what is 103 + -2b3a3?
-2b2a0
In base 2, what is -10000111110100001000100 - -11?
-10000111110100001000001
In base 7, what is -1240034 + 261?
-1236443
In base 5, what is 2 + -11100100331?
-11100100324
In base 4, what is -230331 - -20230112?
13333121
In base 10, what is 1178 - 29302?
-28124
In base 4, what is 11212100 - -21010?
11233110
In base 7, what is -6 - 34663433?
-34663442
In base 2, what is 110110011 - -1110110000010111100?
1110110001001101111
In base 3, what is -1101200110211 - 11111?
-1101200122022
In base 9, what is 77 - -567131?
567218
In base 13, what is 50acc3 + -96?
50ac2a
In base 14, what is 2 + -a0c81?
-a0c7d
In base 13, what is 36 - 4872a?
-486c4
In base 13, what is -1b07 + 15920?
13b16
In base 14, what is 15ba9 + 449?
16214
In base 13, what is -982cc - -11?
-982bb
In base 13, what is 8aa33 - 14?
8aa1c
In base 14, what is -4d - c3d4c?
-c3d9b
In base 10, what is 463 + 12841?
13304
In base 6, what is -3001205 + 34?
-3001131
In base 7, what is 150223636 - 0?
150223636
In base 6, what is -224111 + -31?
-224142
In base 7, what is 10 - 203001440?
-203001430
In base 10, what is 66 + -680652?
-680586
In base 4, what is -1 + 111031133?
111031132
In base 6, what is 32232 - -2205012?
2241244
In base 6, what is 2111101322 - 2?
2111101320
In base 2, what is -11 + 1000000110111100100011?
1000000110111100100000
In base 6, what is -21233 + 52501?
31224
In base 10, what is 994136 - 230?
993906
In base 9, what is -37 - 3507164?
-3507212
In base 3, what is -120022101220202 + 0?
-120022101220202
In base 8, what is -351022 - 226?
-351250
In base 16, what is bf4e4 + 4?
bf4e8
In base 9, what is 12515074 + 12?
12515086
In base 9, what is 0 + 410365844?
410365844
In base 13, what is -52 - -132953?
132901
In base 12, what is -467330 + -17?
-467347
In base 2, what is -11 - -101111010110011110?
101111010110011011
In base 11, what is 20 + 1068a0?
106910
In base 10, what is -2 + -2517985?
-2517987
In base 12, what is 8 + -6260a?
-62602
In base 8, what is 106 + 146122?
146230
In base 3, what is 20 + 1102020122220?
1102020200010
In base 6, what is -5 + 323540540?
323540531
In base 16, what is -9177f5 - 5?
-9177fa
In base 12, what is 47496916 + -2?
47496914
In base 5, what is 3 - -3402434230?
3402434233
In base 7, what is -620442254 + -2?
-620442256
In base 9, what is 43 + 2457801?
2457844
In base 4, what is -320003311230 - -10?
-320003311220
In base 11, what is 26 - -297446?
297471
In base 11, what is -27a2 + -1767?
-4459
In base 9, what is -77 + -3116737?
-3116825
In base 2, what is 10100100010 - -1101100001000000?
1101110101100010
In base 6, what is 242 + 411550401?
411551043
In base 2, what is 11011110101 + 10101001001?
110000111110
In base 3, what is 1000200112020102012 + 2?
1000200112020102021
In base 12, what is -3804236 - 16?
-3804250
In base 15, what is 7d46 - e34?
6e12
In base 15, what is -57 - 3317d?
-331d5
In base 6, what is -33445 - -5333?
-24112
In base 3, what is 122122 + -11121122202?
-11121000010
In base 8, what is -32026677 + -4?
-32026703
In base 8, what is -7 - -1154512?
1154503
In base 15, what is 8bae34 - 2?
8bae32
In base 11, what is 17a61 + -180?
17891
In base 10, what is -1281900 - 19?
-1281919
In base 13, what is 57293 - 143?
57150
In base 13, what is -890464 + -2?
-890466
In base 13, what is 5 - -a8b42?
a8b47
In base 3, what is -120221210000 + -2210?
-120221212210
In base 12, what is -11 + 11010b9?
11010a8
In base 2, what is -11001 - -1100111110111000101100110?
1100111110111000101001101
In base 14, what is 5 - -a962d1?
a962d6
In base 10, what is 3 + -65566845?
-65566842
In base 2, what is 110111000101100011110010001 - -11?
110111000101100011110010100
In base 14, what is 4047 - 11460?
-b417
In base 7, what is 10205 + 32451?
42656
In base 9, what is 430681 - 70?
430611
In base 6, what is 4 - -1455505340?
1455505344
In base 9, what is -426381 - -71?
-426310
In base 5, what is -112402130 + -2340?
-112410020
In base 5, what is -341111011 + -40?
-341111101
In base 12, what is -10b - -14b36?
14a27
In base 6, what is -514534 + -2510?
-521444
In base 2, what is -10100100110110100010110 + -10000?
-10100100110110100100110
In base 4, what is -2302000 + 321030?
-1320310
In base 2, what is -11 + 1010001101000011010100?
1010001101000011010001
In base 12, what is b8 - 11a19?
-11921
In base 7, what is -13563 + -36013?
-52606
In base 4, what is -3 + 22103320000?
22103313331
In base 8, what is -3230452 + 30?
-3230422
In base 2, what is -101010011 - -1011001100011?
1010100010000
In base 4, what is 0 + -10103223330132?
-10103223330132
In base 4, what is -2202233320220 - 3?
-2202233320223
In base 8, what is 5 + 730064700?
730064705
In base 9, what is -14856262 + -1?
-14856263
In base 6, what is -10 - 1101312512?
-1101312522
In base 6, what is 3 - 341253150?
-341253143
In base 3, what is 11210 + -22011122010201?
-22011121221221
In base 13, what is 344 - 5a067?
-59a23
In base 14, what is -3 - 1684a6a4?
-1684a6a7
In base 14, what is -9072c9 + -3?
-9072cc
In base 4, what is 2001232223 - -10?
2001232233
In base 11, what is -128833 - -1723?
-127110
In base 11, what is 5 + -83334034?
-8333402a
In base 8, what is -3 - -11471620?
11471615
In base 13, what is -86 - -77c1?
7738
In base 14, what is 54bb4 - 369?
54849
In base 16, what is -4 - 24b0ad8?
-24b0adc
In base 12, what is 3 + 30a67a2?
30a67a5
In base 3, what is -200120 + -2100022022120?
-2100100000010
In base 5, what is 111430 - -12424?
124404
In base 3, what is -21 + 10102020022101?
10102020022010
In base 10, what is -2587 - 94?
-2681
In base 15, what is -4 + 3720942?
372093d
In base 2, what is 100010001101 - 111011001111101101?
-111010101101100000
In base 15, what is -1906 + -b528?
-ce2e
In base 5, what is 3210412 - -32?
3210444
In base 14, what is -6a54 + -a62?
-76b6
In base 12, what is 4 + 121b0ab?
121b0b3
In base 14, what is 1bdcb82 + 6?
1bdcb88
In base 3, what is -220112210 + 1102100?
-212010110
In base 12, what is 3 + 501aaa75?
501aaa78
In base 12, what is 10253 - 8a6?
b569
In base 14, what is -5260 - 4d0?
-5750
In base 9, what is -3114 + 2805?
-208
In base 8, what is 4 + -3624731?
-3624725
In base 6, what is 1 - 1201031212?
-1201031211
In base 11, what is -83819 - 4343?
-88061
In base 16, what is 6 + -7f7854?
-7f784e
In base 16, what is 154fe2f - -4?
154fe33
In base 6, what is 1531 - -541331?
543302
In base 2, what is -101111000 - 1010011001010100?
-1010011111001100
In base 10, what is 876 + 3597?
4473
In base 11, what is 305 + -25088?
-24883
In base 15, what is d1 + -8248?
-8167
In base 2, what is 1011110001001100110001 - 0?
1011110001001100110001
In base 15, what is 18ee + -3298?
-1899
In base 5, what is -1 + 313332444?
313332443
In base 4, what is -230222303 - -11332?
-230210311
In base 7, what is 2221 - -1666124?
2001345
In base 15, what is -2502ba + -2?
-2502bc
In base 3, what is 11 - 10202020021121?
-10202020021110
In base 9, what is 227 - 46180?
-45852
In base 14, what is -3 + 5cc7a?
5cc77
In base 9, what is -737 + -3560583?
-3561431
In base 9, what is -60215460 - -11?
-60215448
In base 15, what is 1909094 - -1b?
19090b0
In base 4, what is 1303030212 - 310?
1303023302
In base 9, what is 7771008 - -5?
7771014
In base 5, what is 13102211414 - -132?
13102212101
In base 8, what is -477502 + -16?
-477520
In base 8, what is 7 + -10744655?
-10744646
In base 10, what is 1 - -55098233?
55098234
In base 2, what is 10010100 + -1000110010110101111100?
-1000110010110011101000
In base 9, what is -8240 - 72668?
-82018
In base 15, what is 22052 - -343?
22395
In base 9, what is -716718848 + -5?
-716718854
In base 9, what is 45 + -16843852?
-16843806
In base 3, what is -11 - -120121110121012?
120121110121001
In base 16, what is -2e27 + -305e?
-5e85
In base 12, what is 43551 - -6b?
43600
In base 7, what is -53 - -12463162?
12463106
In base 10, what is 16674 - 9475?
7199
In bas